. What is the units digit of n/(-6) + 6/(-9)?
7
Suppose -u + 4 = -3*z - 0*z, 2*u = 2*z + 12. Let g(k) = k**3 - 5*k**2 - 9*k - 9. What is the units digit of g(u)?
6
Let z be 1/(747/374 + -2). What is the tens digit of 4/14 + z/(-14)?
2
Let x = 120 + -21. What is the tens digit of x?
9
Suppose 0*u = 3*u + 6. Let g = u - -4. Suppose -w - g = 2*d - 3, -3*d = 15. What is the units digit of w?
1
Let o(y) = -3*y**3 + 4*y**2 + 2*y + 1. Let v be o(-3). Suppose -4*k + 36 = v. Let c = k + 33. What is the tens digit of c?
1
Let m(f) = f**2 + 8*f + 6. Let o be m(-7). Let h = 2 - o. Suppose 0*y + 2*y + h*l = -5, 0 = -y + l + 5. What is the units digit of y?
2
Let f = 59 - 24. What is the units digit of f?
5
Suppose -172 = -3*i - 37. What is the tens digit of i?
4
Let y(f) = f**3 - 5*f**2 + 6*f - 6. Let m be y(4). Suppose 0 = m*g - 5*g + 15. What is the units digit of (7 + 1)*g/10?
4
Let r be (-3)/(-2) + (-81)/6. Let a = r - -6. What is the tens digit of 1 + (-2 - 2*a)?
1
Let k(l) = l + 8. Let i be k(-6). Suppose -n + m = 1, -14 = i*n + 3*n + 4*m. What is the units digit of (1 + n)*2/(-2)?
1
Let z(v) = -4*v - 1. Let n be z(-1). Suppose 0 = c - r - n*r + 3, 12 = 4*r. What is the units digit of c?
9
Let l = 163 - 103. What is the units digit of (2/4)/(3/l)?
0
Let u(k) = -3*k + 2. What is the tens digit of u(-9)?
2
Let q be (-2)/(-6) + (-14)/(-3). Suppose -2*w = -2*l - 68, -q*l = -3*w - 15 + 113. Suppose -8*t = -4*t - w. What is the units digit of t?
9
Let c(z) = -z**3 - 7*z**2 - 7*z - 4. Let q be c(-6). Suppose -5*n - q*p + 196 = 0, 5*n + 0*p - 202 = p. What is the tens digit of n?
4
Let t = -64 - -246. What is the hundreds digit of t?
1
Suppose 0*n + i = 3*n - 125, -4*i = -16. What is the tens digit of n?
4
Let o(i) = 1 + i**3 - 1. Let h be o(1). Suppose 2*t + h - 7 = 0. What is the units digit of t?
3
Suppose 5*d - 7 = -4*x, 4*d = 2*x + x + 18. Let g be -2*3/(-6) - x. Suppose 6*j = g*j + 12. What is the units digit of j?
4
Let a(q) = 2*q**2 + 8*q + 6. What is the units digit of a(-7)?
8
Let g(b) = -2*b - 13. Let q be g(-9). Suppose -o - 8 - 3 = -2*y, -3*y + q*o - 1 = 0. What is the units digit of y?
8
Suppose 3*j = -4*s - 2, -2*s + 18 = 4*j - 7*s. Let w = j - 5. What is the units digit of w/(3/2)*-1?
2
Let n be (-4 - -2)/((-6)/9). Suppose 7*v - n*v - 24 = 0. What is the units digit of v?
6
Let l(j) = 4*j**2 - 3*j + 1. Let i be 1 + -3 - (4 + -4). Let u = i - -4. What is the units digit of l(u)?
1
Let b = -204 + 299. What is the units digit of b?
5
What is the tens digit of (-200)/52 + 4 - 5456/(-26)?
1
Let u be 2/(-4) - (-37)/(-2). What is the units digit of (u/(-3))/((-8)/(-24))?
9
Suppose -2*z + 6 = 22. Let g(b) = b**3 + 7*b**2 - 11*b - 8. What is the tens digit of g(z)?
1
Let m = -24 + 28. Suppose -88 = -m*b + 104. What is the tens digit of b?
4
Suppose 25 = 5*i, 4*l + 0*l + 5 = 5*i. Suppose -l*u = -41 - 4. What is the units digit of u?
9
Suppose 0*u + 32 = u. What is the units digit of u?
2
Suppose -3*b - 42 = -5*b. What is the tens digit of (-558)/(-14) - (-3)/b?
4
Suppose 0 = -5*d + 3*d + 16. What is the units digit of d?
8
Let d be (0 - -2)*1*1. Suppose 2*w - 3*w = -d. What is the units digit of w?
2
Let a = -4 + -2. Let y be -12*-2*(-3)/6. Let h = a - y. What is the units digit of h?
6
What is the tens digit of (-106)/(-9) + 6/27?
1
Let c(a) = a**3 + a**2 + 3*a - 1. What is the units digit of c(2)?
7
Let w(o) = -o**2 - 5*o - 4. Let a be w(-3). Suppose l - a*l = -5*d - 24, -2*l + 8 = -2*d. What is the units digit of l/((1 + -2)/1)?
1
Let s(n) = -n**3 - 5*n**2 + 6*n + 5. Let j be s(-6). Suppose -2*g - j = -g - 3*u, -4*g + 2*u = 0. What is the units digit of g?
1
Suppose -4*m - 4*y = -2*y - 378, 0 = -5*m + y + 469. What is the tens digit of m?
9
Let v(q) = -q**2 + 6*q - 5. Let s be v(5). Suppose -3*t = -s*t - 165. What is the units digit of t?
5
Let p = 2 + 5. Let d be (6/3)/(2/p). Suppose -2*y + d = -7. What is the units digit of y?
7
Suppose 10 = 3*t + 1. Suppose -l + 2*l - 25 = 0. Suppose 0 = 2*s + t*s - l. What is the units digit of s?
5
Suppose -8 = -3*j + 4*y, 6*j - 11 = 3*j + y. Suppose 0 = -2*q - 5*f, 4*f = -3*q - 0*q. Suppose 4*i + 4*t - 12 = q, j*t = -t + 10. What is the units digit of i?
1
Let w be 1 - (-6)/(-3) - -26. Suppose -w = 3*d + 2*n, 5 = -5*d + 2*n + 2*n. What is the units digit of (12/d)/(6/(-20))?
8
Let h be (1 + (-4)/6)*6. Let g = 2 - h. Suppose g*z + 8 = 4*z. What is the units digit of z?
2
Suppose -p + 2 = -b, 5*b = -0*b - 2*p - 38. Let i = -6 - b. Suppose i = -2*w + 7*w - 30. What is the units digit of w?
6
Let m be -2*(2 - -3 - -1). Let a = m + 19. What is the units digit of a?
7
Suppose l - 2*i - 30 = 3, 2*i + 74 = 2*l. What is the tens digit of l?
4
What is the units digit of (1 - -1 - 2) + 30?
0
Let p = 18 - 13. Suppose p*v = n - 11, -n - v + 27 = -2*v. What is the units digit of n?
1
Let y(r) = 2*r**2 - 10*r - 52. What is the units digit of y(13)?
6
Let x be 17/2 - (-2)/4. Suppose x = -3*n, -4*s + s + 39 = -n. What is the tens digit of s?
1
Let s be 12 + 3 + (-3 - -4). Let w = s + -12. What is the units digit of w?
4
Let u be (-2)/(-4)*82 + -3. Let a = u + -15. What is the tens digit of a?
2
Let m be 69/2*2/3. Suppose -3*k = 4*t - m, 0 = -k + t - 1 - 3. What is the units digit of 0 - (-11*k - -2)?
9
Let g(l) = 4*l**2 - 5*l**2 + 3*l - 2 + 6*l**2 + 2*l**2. What is the units digit of g(2)?
2
What is the hundreds digit of ((-336)/7)/(3/(-8))?
1
Let c(d) = -d**2 - 8*d + 3. Let p be c(-9). Let z be 1/((p/(-3))/8). Suppose 0 = -z*r + 46 - 10. What is the units digit of r?
9
Let z be 2/5*(-10)/(-2). Suppose 3*d - z*d - 32 = -4*q, -23 = -5*q + 3*d. What is the units digit of q?
7
What is the tens digit of 20/(-70) + (-704)/(-14)?
5
Let y(n) = -23*n**3 - n. Let i be y(-1). Let k be 1 - 4 - -1 - i. Let x = 37 + k. What is the tens digit of x?
1
Let f be 60/9*1*3. Suppose -f = -t - t. What is the units digit of t?
0
Suppose -5*o = -3*b + 27 - 122, b - 43 = -3*o. Let f = o + 4. What is the tens digit of f?
2
Let b(s) = -s**2 - 9*s + 6. Let z be b(-6). Suppose -3*w + 7*w = z. Let l = w + -3. What is the units digit of l?
3
Suppose v + v = -56. Let t(c) = -6*c + 2. Let u be t(3). Let i = u - v. What is the units digit of i?
2
Suppose -451 + 1683 = 4*n. What is the units digit of n?
8
Let j = -61 - -132. What is the units digit of j?
1
Let i(z) = z**3 + 11*z**2 + 14. Let t be i(-11). Let a = 29 - t. What is the units digit of a?
5
Let r = -377 - -579. What is the tens digit of r?
0
Suppose -3*a = -3*h - 18, -a - a + 3*h + 8 = 0. Let l(x) = x**2 - 9*x - 3. What is the units digit of l(a)?
7
What is the units digit of -2*((-4)/6 + (-2418)/18)?
0
Let h = 12 + 12. What is the units digit of h?
4
Let q(v) be the first derivative of -3*v**2/2 - 12*v + 2. Suppose -a = -5*a + 5*h - 27, -a = -2*h + 6. What is the units digit of q(a)?
2
Let c = 1 + 8. What is the units digit of 18/(-4)*(-24)/c?
2
Let z = -6 - -5. Let r be z/((-27)/(-15) - 2). Suppose 0 = -4*p - 2*y + 54, -r*p + y - 3*y + 65 = 0. What is the units digit of p?
1
Let k = -13 - -35. What is the tens digit of k?
2
Suppose 8*p + 324 = 14*p. What is the units digit of p?
4
Let g be ((-36)/(-15) + -2)*70. What is the tens digit of (-7)/g - (-130)/8?
1
Let o = 85 - 59. Suppose 5*f = 89 + o. What is the units digit of f?
3
Let s(w) be the third derivative of -w**4/12 - w**3/2 - w**2. Let o be s(5). Let g = -7 - o. What is the units digit of g?
6
Suppose -50 = -3*y + 31. Suppose 57 = 3*o - y. What is the tens digit of o?
2
Let o = -5 - -7. Suppose u - 4*d = 26, 2*u - 68 + 22 = o*d. What is the tens digit of u?
2
Let r(t) = -t**3 + 12*t**2 - 11*t. Let o be r(11). Suppose o = -0*y + y - 15. What is the tens digit of y?
1
Let r(w) = w**2 + 4*w + 3. Let l be r(-4). Suppose -p = -l - 1. What is the units digit of p?
4
Let o = -4 + 7. What is the units digit of o?
3
Suppose 3*b + c = -4*c + 17, 5*b - 75 = c. What is the tens digit of b?
1
Let b(x) = -3*x + 5. Let l(k) = -k + 2. Let t(i) = -2*b(i) + 5*l(i). Let j be t(1). Suppose -j - 35 = -4*m. What is the units digit of m?
9
Suppose 0 = -4*c - 2*r + 6, 2*c + r = -2*r + 1. Suppose a - 6 = d, -4*a + 31 = -5*d + 3. Suppose c*n - 9 = -t, 3*n - a*n + t = 3. What is the units digit of n?
6
Suppose 0 = -2*v + 3*v + 4*l - 56, 0 = -3*v - 4*l + 152. Let